uate -7 + 1 - (-6 - -2).
-2
What is -5 + (-9 - (-8 + 0)) + -6?
-12
What is -4 + (-2 - 3) + 1 + -1 - 3?
-12
Calculate -6 + (1 - 0) - (21 - 15).
-11
What is (10 - 8) + 2 + 4 + -3 - 1?
4
Evaluate 24 - ((7 - -1) + -38 + 59 + -31).
26
What is -14 + 14 + 12 - 17?
-5
Calculate -1 + -4 - (-15 - -15) - (1 + -24).
18
Calculate (-10 - 3) + -1 - -6.
-8
Evaluate 10 + (-1 - (-1 - 11)) + -12 - 5.
4
What is the value of (2 - -4 - 12) + 13?
7
What is the value of -40 - (6 - (41 + -15 + -8))?
-28
Calculate (-11 - -1) + -14 + 12.
-12
What is the value of -6 - (6 + (-1 - 11))?
0
Calculate (11 - 4) + -16 - -5 - -10.
6
Evaluate 7 - (1 + -8 - 8).
22
What is the value of 7 + -2 + 2 - (-287 + 287)?
7
Calculate 4 + -1 + (6 + (17 - 29) - 11).
-14
36 + -12 + 18 + -30
12
Evaluate -2 + -8 + (13 - 6) - -3.
0
Calculate (2 - 14) + (69 - 45).
12
Evaluate (-2 - -33) + (-499 - -496).
28
What is the value of (1 - (1 + -2 - -2)) + 911 + -887?
24
What is the value of 10 - (13 - (5 + -14))?
-12
-16 - (9 - (-24 + 11 + 15))
-23
What is the value of 9 + -7 - (26 + (-7 - -4)) - -5?
-16
What is (-17 - -12) + 7 - 12 - 6?
-16
Evaluate 8 - (-2 - -4) - (2 - 0 - 22).
26
Evaluate -20 + 0 + (15 - (4 - -13) - -5).
-17
What is the value of (13 - -2) + (-2 - -5) + (18 - 26)?
10
What is the value of 9 + -2 + (16 - (5 - -7))?
11
Calculate (-25 + 50 - 31) + 41 + 3.
38
What is -9 - (-22 - (-12 - -2) - -7)?
-4
Evaluate -14 - (3 + -4 + -9).
-4
Evaluate (-19 - -12) + -17 - -15.
-9
Calculate (9 - 11) + -4 + -6.
-12
What is the value of -4 + (1 - 5 - 11) - (7 + -4)?
-22
Evaluate 9 + 27 + 4 - 1.
39
What is the value of -5 + (6 + -4 - -2) + -1 - 2?
-4
Calculate (-1 - 17) + (-20 - -13) - -9.
-16
Evaluate (29 - (-20 + 31)) + -22.
-4
(2090 - 2111) + (2 - -16)
-3
What is 19 + -2 + -13 + 3?
7
What is the value of -23 + 3 + (-6 - -14)?
-12
What is the value of 24 - (6 + 19) - (0 + 11)?
-12
What is the value of 15 + 1 + 11 + -15?
12
What is the value of 18 + (-6 - (-11 - (5 + -9)) - 4)?
15
-9 - (-17 - 9) - 13
4
-1 + (3 - 2) + -6 - (-105 + 108)
-9
What is (25 - (20 + -19)) + -31?
-7
1 + 6 - (-1 - (-4 + (3 - 6)))
1
What is the value of -14 - (-7 - 0) - -15 - 1 - 22?
-15
Calculate 3 - 2 - (8 - 0).
-7
What is the value of (-2 - 0) + 0 + (16 - 6)?
8
(-18 + 20 - 3) + -13
-14
Calculate 28 - (33 - 7) - 23.
-21
What is the value of (-8 - -5) + (-14 - (-15 - -11))?
-13
What is 25 + -1 - (-12 + (-42 - -65))?
13
What is 1 - (15 + (-6 - -10))?
-18
(-1 - (-4 + -1)) + -51 + 50
3
What is the value of 1 + 0 + (38 - 48) - -28?
19
Evaluate (41 + -44 - 31) + 11.
-23
Calculate (0 - (4 - 2)) + -5 - (13 + -22).
2
What is the value of -2 - (3 + -17 + 8 + (-1 - -6))?
-1
Evaluate 235 - 235 - (1 - -16).
-17
Evaluate 3 + 10 + (-6 - 5) + 8.
10
What is 6 - (0 + 1 + -6 + 2) - -14?
23
What is the value of -13 - (13 - -1 - 32)?
5
Calculate (6 - -9 - 9) + -16 + -2.
-12
What is the value of 5 + (-8 - -7) + (-5 - (2 + -5))?
2
-25 - (7 + 14 - 47)
1
What is the value of 2 + 0 + -5 - (-10 + 9 - 12)?
10
What is the value of -3 + 0 + 3 + (10 + -1 - 7)?
2
Evaluate 2 + -14 + 4 - (23 - 26) - 5.
-10
Evaluate -2 + 14 + (55 - (-32 - -93)).
6
-16 - (17 - (-5 - (-34 - -11)))
-15
(5 - 21) + 9 - -27
20
What is (4 - 1 - 7) + (-14 - -12)?
-6
217 + -199 + -17 + 1
2
2 - (25 + 5 - 54)
26
What is the value of (-25 + 7 - -20) + (1 - 10)?
-7
-9 - (30 + -44 + 7)
-2
Calculate 136 + -141 + (1 - 4).
-8
Calculate 28 + (5 - 29 - 13).
-9
-9 - (4 + 11 + -9 + -4) - 2
-13
-11 - (-11 + (5 + 6 - 5))
-6
What is -10 + 9 + -18 - -16 - 2?
-5
Calculate (13 + -6 - (7 + -1 + -2)) + 8.
11
Evaluate (2 - -41) + -252 + 214.
5
What is the value of 0 + (-19 - -19 - (4 - 15))?
11
Calculate 10 - 8 - 0 - (-3 + (4 - 8)).
9
Calculate (0 - -14) + (257 - 270).
1
What is the value of 295 + -296 - (-30 - ((5 - 3) + 1))?
32
Calculate -18 - (26 + (-25 - 28)) - (0 + -6).
15
Calculate -7 + (9 - (1 + -5 - (7 - 15))).
-2
Calculate 199 + -200 + (-12 - (-1 - 0) - 1).
-13
Calculate 11 + -29 + 6 - -26.
14
Calculate -7 - (-25 + -29 + 37).
10
What is (290 - 289) + -31 + 4?
-26
(-2 - (1 - -1)) + (72 - 71)
-3
What is -31 + 30 - (0 - (-3 + 7))?
3
What is the value of 99 + -99 + (-4 - -6)?
2
Evaluate (0 + -1 - -2) + -55 + 1 + 52.
-1
What is the value of (-37 - -24) + 19 - 14?
-8
What is 6 + 1 + 3 + (0 - -1)?
11
Calculate (2 - (-9 - -17)) + (4 - 2).
-4
(1 - (-1 - (4 - 4))) + 12
14
Calculate -13 + (8 - -4) + 15 - 0.
14
What is 9 + -14 + 10 + -23?
-18
Evaluate (-10 + 8 + 5 - -1) + -11.
-7
(85 - 117) + 49 + -2
15
5 + -7 - 2 - 5
-9
Evaluate 5 + (-6 - -3) + 0 + 8 - 28.
-18
Evaluate (12 - (40 - 20)) + -6.
-14
What is 8 - -1 - (11 - (-10 - -19) - -3)?
4
What is the value of -6 + 12 + 8 + -10 - 0?
4
What is 9 + -12 + -8 + 14?
3
Evaluate (71 - (171 + -98)) + (0 - 18).
-20
What is the value of (0 + -2 + 4 - 8) + 1 + -2?
-7
What is -7 + (13 - 3) - 13?
-10
-33 + 51 - (1 - -13)
4
Calculate -8 - (-6 - -3) - -11 - (-6 - 0).
12
What is the value of 2 + -7 + -2 + 3 + (-11 - -11)?
-4
Evaluate -27 + 22 - -13 - 0.
8
What is the value of (-4 - (-7 - 0)) + -5 + 1 + 4?
3
What is the value of 43 + -22 - (25 + 3)?
-7
Evaluate 20 + (-3 - ((-24 - -22) + (-2 - 3))).
24
Calculate 1 + (8 - 5) - (9 + (-27 - -2)).
20
What is 18 + 13 + -13 + (4 - 5 - -4)?
21
Evaluate (7 - 16) + 9 + -16.
-16
What is the value of 10 - 19 - 8 - -30?
13
Evaluate 0 - ((13 - 10) + 14 - -12).
-29
Evaluate (12 - 5) + -12 - (9 + -11 + -8).
5
Evaluate (38 + -38 - (1 + 4)) + 0 + 2.
-3
What is the value of 8 - (66 - 43 - (1 + -7))?
-21
(41 - 10) + -7 - 40
-16
What is the value of -3 + 23 + -11 - (32 - (-2 + 7))?
-18
5 + -56 + 11 + 21
-19
Evaluate 17 - (3 - 2 - (8 + -12)).
12
-6 - (2 + -13 - -11)
-6
Calculate 17 + -7 + -8 + -8 + 7.
1
Calculate (14 + -11 - 4 - 11) + 27.
15
Evaluate 1 - -16 - (-10 - (-5 - -4)).
26
Evaluate -4 - (-8 + 0 + -8 + -3).
15
Evaluate (3 - 8) + 85 + -100 + (10 - 0).
-10
What is (-3 - ((-9 + 4 - -20) + -8)) + -2?
-12
0 + -33 - (21 - (0 + 25))
-29
What is 1 + 1 + (-5 - ((-6 - -9) + -1))?
-5
What is the value of -9 + -1 + -4 - -9?
-5
Calculate -8 + 6 + 28 + (4 - (-3 + 6)).
27
What is -1 - (-9 + (-7 - 1 - -2) + 10)?
4
-18 - (-4 - (9 - 1) - (-60 + 50))
-16
What is the value of 527 - 541 - (16 + 1)?
-31
-7 - -15 - (-5 + 4 + 8 + 0)
1
Evaluate 2 + 17 - 2 - (-5 - (-21 - -10)).
11
Calculate 5 + -1 + -9 + 12 + 4.
11
What is -129 + 119 + (2 + 5 - -2)?
-1
Calculate (-2 - 36) + 9 + -1 + 10.
-20
Calculate -1 - ((2 - -8) + -8 + 6 - 0).
-9
Evaluate 297 - 307 - ((-1 - -3) + -46).
34
What is (-15 + 7 - (-1 + 3 + -8)) + -29?
-31
(2 - 1) + 9 + -13 + 20 + -9
8
What is the value of 20 + -25 - (-1 + -3 - -7)?
-8
Calculate (-11 - -7 - (-19 - -3)) + -39.
-27
Calculate 7 - (-4 + 6 + 6) - -17.
16
What is the value of -6 + -5 + 3 - (0 + 22)?
-30
What is 1 - -1 - (1 - (1 + 4 - 13))?
-7
Calculate (2 - 8) + 1 + (13 - 30) + 11.
-11
Evaluate -11 + 57 + -15 + -21 + 1.
11
Calculate 0 - -8 - (-7 - -1 - (-26 - -23)).
11
What is -14 - (35 - (-26 - -81))?
6
Calculate 8 + -21 + -1 - 1.
-15
Evaluate 13 + (-2 - -3 - -11 - (-99 - -105)).
19
What is the value of -15 + (-24 - -10 - -19)?
-10
Evaluate -9 + (30 - -22 - 25).
18
What is the value of (-1 - -2) + (20 - 15) + -5?
1
What is (-221 - -225 - (-14 + 1)) + 1?
18
Evaluate 23 + 0 - (2 + 6 + -5 - 0).
20
Evaluate -29 - (-15 + (-3 - -3)).
-14
-8 + 2 + 12 + -4 + 6
8
What is -9 + -10 + (2 - 1) + 5?
-13
What is the value of (-322 - -327) + 3 + 1 + -2?
7
Evaluate 306 - 303 - (14 - 1) - (0 - 21).
11
-4 - (-17 - -33 - 32)
12
What is the value of (11 - (-1 + 11)) + -31?
-30
What is the value of -20 - (26 + -13) - (-4 - -2)?
-31
Evaluate 3 - 10 - (8 + 0 + -2 - 9).
-4
What is 16 + (-10 - -3 - 14) - -12?
7
22 - (7 + (2 + -5 + 6 - 7))
19
Calculate (-28 - -27) + -4 + 6.
1
What is the value of (16 - 2 - (12 + 6)) + 7?
3
What is -1 - 6 - (-15 + -6) - 3?
11
Calculate 25 - (14 - -1 - (-24 - -29)).
15
Calculate -9 - -1 - (-3 + (21 - 22)) - -3.
-1
What is the value of -3 + 8 + 5 + -20 + 8 - -4?
2
What is -5 + (-1 - 6) + 5?
-7
Calculate 14 + -5 - ((35 - (8 + -4)) + -3).
-19
What is -18 - -20 - (-11 + -2)?
15
(3 - 1 - (-27 + 29)) + 77 + -80
-3
What is -33 + (1 + 21 - -1)?
-10
What is -4 + 2 + (10 - 9) - 1?
-2
-23 + (5 - (-13 + 10))
-15
(-22 - (-21 - 24)) + -13
10
What is the value of 0 + 5 + (6 - 8) + -3?
0
Calculate (7 - 14) + 9 + -2 + 1.
1
What is 7 + (11 + -4 - ((9 - 18